{"id":38,"date":"2012-11-06T15:41:45","date_gmt":"2012-11-06T15:41:45","guid":{"rendered":"http:\/\/www.krubrgroup.cz\/?page_id=38"},"modified":"2018-12-07T14:11:27","modified_gmt":"2018-12-07T14:11:27","slug":"poptavka","status":"publish","type":"page","link":"http:\/\/www.krubrgroup.cz\/?page_id=38","title":{"rendered":"Popt\u00e1vka"},"content":{"rendered":"\n<p>Pokud V\u00e1s zaj\u00edm\u00e1 p\u0159ibli\u017en\u00e1 cena \u010di cokoli jin\u00e9ho ohledn\u011b dopravy, nev\u00e1hejte n\u00e1s pros\u00edm kontaktovat.<\/p>\n\n\n\n<p>Pou\u017e\u00edt ob\u011b telefonn\u00ed \u010d\u00edsla uveden\u00e1 vlevo.<\/p>\n\n\n\n<p>T\u011b\u0161\u00edme se na va\u0161e dotazy.<\/p>\n","protected":false},"excerpt":{"rendered":"<p>Pokud V\u00e1s zaj\u00edm\u00e1 p\u0159ibli\u017en\u00e1 cena \u010di cokoli jin\u00e9ho ohledn\u011b dopravy, nev\u00e1hejte n\u00e1s pros\u00edm kontaktovat. Pou\u017e\u00edt ob\u011b telefonn\u00ed \u010d\u00edsla uveden\u00e1 vlevo. T\u011b\u0161\u00edme se na va\u0161e dotazy.<\/p>\n","protected":false},"author":2,"featured_media":0,"parent":0,"menu_order":0,"comment_status":"open","ping_status":"open","template":"","meta":{"ngg_post_thumbnail":0},"_links":{"self":[{"href":"http:\/\/www.krubrgroup.cz\/index.php?rest_route=\/wp\/v2\/pages\/38"}],"collection":[{"href":"http:\/\/www.krubrgroup.cz\/index.php?rest_route=\/wp\/v2\/pages"}],"about":[{"href":"http:\/\/www.krubrgroup.cz\/index.php?rest_route=\/wp\/v2\/types\/page"}],"author":[{"embeddable":true,"href":"http:\/\/www.krubrgroup.cz\/index.php?rest_route=\/wp\/v2\/users\/2"}],"replies":[{"embeddable":true,"href":"http:\/\/www.krubrgroup.cz\/index.php?rest_route=%2Fwp%2Fv2%2Fcomments&post=38"}],"version-history":[{"count":14,"href":"http:\/\/www.krubrgroup.cz\/index.php?rest_route=\/wp\/v2\/pages\/38\/revisions"}],"predecessor-version":[{"id":196,"href":"http:\/\/www.krubrgroup.cz\/index.php?rest_route=\/wp\/v2\/pages\/38\/revisions\/196"}],"wp:attachment":[{"href":"http:\/\/www.krubrgroup.cz\/index.php?rest_route=%2Fwp%2Fv2%2Fmedia&parent=38"}],"curies":[{"name":"wp","href":"https:\/\/api.w.org\/{rel}","templated":true}]}}